me factors of 606999.
3, 29, 6977
What are the prime factors of 386724?
2, 3, 13, 37, 67
List the prime factors of 14203100.
2, 5, 142031
What are the prime factors of 5052353?
5052353
List the prime factors of 7683294.
2, 3, 1280549
List the prime factors of 20228999.
7, 223, 12959
List the prime factors of 1113014.
2, 7, 107, 743
List the prime factors of 112991.
103, 1097
What are the prime factors of 352793?
7, 101, 499
What are the prime factors of 27502734?
2, 3, 7, 654827
List the prime factors of 52948.
2, 7, 31, 61
List the prime factors of 3559578.
2, 3, 11, 4903
What are the prime factors of 320993?
257, 1249
List the prime factors of 3132389.
13, 240953
List the prime factors of 92698.
2, 46349
What are the prime factors of 623946?
2, 3, 103991
What are the prime factors of 2055094?
2, 1027547
List the prime factors of 84955.
5, 13, 1307
List the prime factors of 20556387.
3, 2284043
List the prime factors of 1338555.
3, 5, 89237
What are the prime factors of 363799?
363799
What are the prime factors of 959176?
2, 47, 2551
What are the prime factors of 11222392?
2, 1402799
List the prime factors of 1927041.
3, 41, 15667
List the prime factors of 4588141.
4588141
List the prime factors of 2396509.
2396509
What are the prime factors of 1120758?
2, 3, 186793
List the prime factors of 6750057.
3, 541, 4159
List the prime factors of 172017.
3, 23, 277
List the prime factors of 113809.
113809
What are the prime factors of 136446?
2, 3, 22741
What are the prime factors of 1110824?
2, 11, 13, 971
What are the prime factors of 94004?
2, 71, 331
List the prime factors of 10923443.
10923443
What are the prime factors of 1458499?
7, 23, 9059
List the prime factors of 888414.
2, 3, 263, 563
List the prime factors of 2023469.
7, 289067
What are the prime factors of 4820150?
2, 5, 149, 647
List the prime factors of 241815.
3, 5, 7, 47
List the prime factors of 4637142.
2, 3, 79, 1087
What are the prime factors of 1731898?
2, 7, 123707
List the prime factors of 1924365.
3, 5, 128291
List the prime factors of 94221.
3, 19, 29
List the prime factors of 325345.
5, 31, 2099
What are the prime factors of 13379256?
2, 3, 11, 1877
List the prime factors of 810015.
3, 5, 54001
What are the prime factors of 204386?
2, 7, 13, 1123
List the prime factors of 696736.
2, 21773
What are the prime factors of 1032360?
2, 3, 5, 7, 1229
List the prime factors of 764461.
367, 2083
List the prime factors of 7234436.
2, 11, 164419
What are the prime factors of 608930?
2, 5, 7, 8699
List the prime factors of 31661930.
2, 5, 3166193
What are the prime factors of 470758?
2, 113, 2083
List the prime factors of 2117674.
2, 13, 79, 1031
List the prime factors of 5124390.
2, 3, 5, 170813
What are the prime factors of 7595501?
353, 21517
What are the prime factors of 439510?
2, 5, 43951
What are the prime factors of 4772167?
1759, 2713
List the prime factors of 707679.
3, 7, 47, 239
List the prime factors of 148842.
2, 3, 8269
What are the prime factors of 7271806?
2, 1621, 2243
What are the prime factors of 3218343?
3, 157, 6833
List the prime factors of 7655.
5, 1531
What are the prime factors of 1706218?
2, 37, 23057
What are the prime factors of 30998?
2, 11, 1409
List the prime factors of 3593336.
2, 23, 59, 331
List the prime factors of 13816075.
5, 7, 13, 6073
List the prime factors of 1300534.
2, 17, 29, 1319
What are the prime factors of 300060?
2, 3, 5, 1667
What are the prime factors of 18939205?
5, 251, 15091
List the prime factors of 9279026.
2, 4639513
What are the prime factors of 11910527?
23, 43, 12043
List the prime factors of 13470983.
83, 109, 1489
List the prime factors of 320266.
2, 79, 2027
What are the prime factors of 205823?
205823
What are the prime factors of 180876?
2, 3, 15073
What are the prime factors of 1253688?
2, 3, 52237
What are the prime factors of 4045810?
2, 5, 31, 421
What are the prime factors of 21049558?
2, 31, 467, 727
List the prime factors of 9815831.
9815831
What are the prime factors of 1652415?
3, 5, 110161
What are the prime factors of 8342952?
2, 3, 29, 11987
List the prime factors of 2366575.
5, 181, 523
What are the prime factors of 8620744?
2, 11, 163, 601
What are the prime factors of 1078234?
2, 241, 2237
List the prime factors of 17572699.
3023, 5813
What are the prime factors of 217872?
2, 3, 17, 89
List the prime factors of 743898.
2, 3, 123983
List the prime factors of 45130.
2, 5, 4513
What are the prime factors of 49850?
2, 5, 997
What are the prime factors of 11094?
2, 3, 43
What are the prime factors of 344657?
523, 659
What are the prime factors of 280225?
5, 11, 1019
What are the prime factors of 10798645?
5, 11, 13, 1373
List the prime factors of 2740971.
3, 167, 5471
What are the prime factors of 11016265?
5, 13, 13037
What are the prime factors of 207430?
2, 5, 20743
What are the prime factors of 47597?
11, 4327
What are the prime factors of 198690?
2, 3, 5, 37, 179
List the prime factors of 287090.
2, 5, 19, 1511
List the prime factors of 24453.
3, 11, 13, 19
What are the prime factors of 3350480?
2, 5, 7, 31, 193
List the prime factors of 8442085.
5, 73, 101, 229
What are the prime factors of 750467?
23, 67, 487
What are the prime factors of 19076220?
2, 3, 5, 131, 809
List the prime factors of 1294412.
2, 7, 46229
What are the prime factors of 180403?
89, 2027
What are the prime factors of 520013?
13, 17, 181
List the prime factors of 2966529.
3, 79, 12517
List the prime factors of 3268480.
2, 5, 5107
What are the prime factors of 100036?
2, 89, 281
List the prime factors of 19476290.
2, 5, 1947629
What are the prime factors of 13013539?
7, 11, 169007
List the prime factors of 224027.
224027
List the prime factors of 813707.
813707
What are the prime factors of 91440?
2, 3, 5, 127
List the prime factors of 222187.
7, 31741
List the prime factors of 9733491.
3, 19, 56921
List the prime factors of 39946124.
2, 17, 23, 25541
List the prime factors of 278483.
19, 14657
List the prime factors of 2351876.
2, 587969
List the prime factors of 1396700.
2, 5, 13967
List the prime factors of 519752.
2, 64969
List the prime factors of 263983.
263983
What are the prime factors of 15435110?
2, 5, 1543511
List the prime factors of 4736685.
3, 5, 315779
List the prime factors of 166305.
3, 5, 11087
List the prime factors of 260830.
2, 5, 26083
What are the prime factors of 23593?
23593
List the prime factors of 3028202.
2, 1514101
List the prime factors of 62632.
2, 7829
What are the prime factors of 3143480?
2, 5, 89, 883
What are the prime factors of 598202?
2, 11, 27191
What are the prime factors of 11024?
2, 13, 53
List the prime factors of 21069.
3, 2341
What are the prime factors of 9453273?
3, 1319, 2389
What are the prime factors of 11686687?
11686687
What are the prime factors of 3575665?
5, 43, 16631
What are the prime factors of 245049?
3, 7, 1667
What are the prime factors of 320192?
2, 5003
What are the prime factors of 3956566?
2, 947, 2089
What are the prime factors of 440588?
2, 23, 4789
List the prime factors of 5224810.
2, 5, 19, 107, 257
List the prime factors of 26994.
2, 3, 11, 409
What are the prime factors of 4168752?
2, 3, 7, 19, 653
List the prime factors of 7341706.
2, 41, 89533
List the prime factors of 293296.
2, 23, 797
What are the prime factors of 3129119?
7, 47, 9511
List the prime factors of 89448.
2, 3, 3727
List the prime factors of 934655.
5, 53, 3527
What are the prime factors of 854998?
2, 17, 25147
List the prime factors of 553990.
2, 5, 55399
List the prime factors of 4790385.
3, 5, 106453
What are the prime factors of 37197?
3, 4133
What are the prime factors of 68070?
2, 3, 5, 2269
List the prime factors of 335331.
3, 19, 37, 53
List the prime factors of 42350.
2, 5, 7, 11
List the prime factors of 9433017.
3, 11, 3529
What are the prime factors of 1742384?
2, 7, 47, 331
List the prime factors of 2654590.
2, 5, 265459
What are the prime factors of 833016?
2, 3, 61, 569
What are the prime factors of 600734?
2, 300367
What are the prime factors of 608683?
71, 8573
What are the prime factors of 363816?
2, 3, 31, 163
List the prime factors of 154023.
3, 51341
What are the prime factors of 21398774?
2, 10699387
List the prime factors of 1707491.
29, 97, 607
What are the prime fac